{"id":10014,"date":"2026-03-26T20:57:30","date_gmt":"2026-03-26T17:57:30","guid":{"rendered":"https:\/\/afyonyoresel.com.tr\/?post_type=product&#038;p=10014"},"modified":"2026-04-18T00:49:03","modified_gmt":"2026-04-17T21:49:03","slug":"itimat-sucuklari","status":"publish","type":"product","link":"https:\/\/afyonyoresel.com.tr\/?product=itimat-sucuklari","title":{"rendered":"\u0130timat Sucuklar\u0131"},"content":{"rendered":"<p data-start=\"184\" data-end=\"417\"><strong data-start=\"184\" data-end=\"225\"><span class=\"hover:entity-accent entity-underline inline cursor-pointer align-baseline\"><span class=\"whitespace-normal\">Afyon Sucu\u011fu<\/span><\/span><\/strong> gelene\u011fiyle \u00fcretilen dana sucuk, do\u011fal baharatlar ve \u00f6zenle se\u00e7ilmi\u015f et ile haz\u0131rlan\u0131r. Yo\u011fun aromas\u0131 ve dengeli baharat oran\u0131 sayesinde kahvalt\u0131larda ve yemeklerde vazge\u00e7ilmez bir lezzettir.<\/p>\n<p data-start=\"419\" data-end=\"480\">\u2714 %100 dana eti<br data-start=\"434\" data-end=\"437\" \/>\u2714 Geleneksel \u00fcretim<br data-start=\"456\" data-end=\"459\" \/>\u2714 Katk\u0131s\u0131z ve do\u011fal<\/p>\n<p data-start=\"482\" data-end=\"547\">Afyon\u2019un e\u015fsiz lezzetini sofran\u0131za ta\u015f\u0131yan klasik sucuk deneyimi.<\/p>\n","protected":false},"excerpt":{"rendered":"<p>Afyon Sucu\u011fu gelene\u011fiyle \u00fcretilen dana sucuk, do\u011fal baharatlar ve \u00f6zenle se\u00e7ilmi\u015f et ile haz\u0131rlan\u0131r. Yo\u011fun aromas\u0131 ve dengeli baharat oran\u0131 sayesinde kahvalt\u0131larda ve yemeklerde vazge\u00e7ilmez bir lezzettir. \u2714 %100 dana eti\u2714 Geleneksel \u00fcretim\u2714 Katk\u0131s\u0131z ve do\u011fal Afyon\u2019un e\u015fsiz lezzetini sofran\u0131za &hellip; <a href=\"https:\/\/afyonyoresel.com.tr\/?product=itimat-sucuklari\">Readmore<\/a><\/p>\n","protected":false},"featured_media":10038,"comment_status":"open","ping_status":"closed","template":"","meta":[],"product_cat":[239,240],"product_tag":[],"class_list":{"0":"post-10014","1":"product","2":"type-product","3":"status-publish","4":"has-post-thumbnail","6":"product_cat-et-urunleri","7":"product_cat-sucuk","9":"first","10":"instock","11":"featured","12":"taxable","13":"shipping-taxable","14":"purchasable","15":"product-type-simple"},"_links":{"self":[{"href":"https:\/\/afyonyoresel.com.tr\/index.php?rest_route=\/wp\/v2\/product\/10014","targetHints":{"allow":["GET"]}}],"collection":[{"href":"https:\/\/afyonyoresel.com.tr\/index.php?rest_route=\/wp\/v2\/product"}],"about":[{"href":"https:\/\/afyonyoresel.com.tr\/index.php?rest_route=\/wp\/v2\/types\/product"}],"replies":[{"embeddable":true,"href":"https:\/\/afyonyoresel.com.tr\/index.php?rest_route=%2Fwp%2Fv2%2Fcomments&post=10014"}],"wp:featuredmedia":[{"embeddable":true,"href":"https:\/\/afyonyoresel.com.tr\/index.php?rest_route=\/wp\/v2\/media\/10038"}],"wp:attachment":[{"href":"https:\/\/afyonyoresel.com.tr\/index.php?rest_route=%2Fwp%2Fv2%2Fmedia&parent=10014"}],"wp:term":[{"taxonomy":"product_cat","embeddable":true,"href":"https:\/\/afyonyoresel.com.tr\/index.php?rest_route=%2Fwp%2Fv2%2Fproduct_cat&post=10014"},{"taxonomy":"product_tag","embeddable":true,"href":"https:\/\/afyonyoresel.com.tr\/index.php?rest_route=%2Fwp%2Fv2%2Fproduct_tag&post=10014"}],"curies":[{"name":"wp","href":"https:\/\/api.w.org\/{rel}","templated":true}]}}