{"id":10022,"date":"2026-03-26T20:57:31","date_gmt":"2026-03-26T17:57:31","guid":{"rendered":"https:\/\/afyonyoresel.com.tr\/?post_type=product&#038;p=10022"},"modified":"2026-03-26T20:57:58","modified_gmt":"2026-03-26T17:57:58","slug":"ev-ekmegi","status":"publish","type":"product","link":"https:\/\/afyonyoresel.com.tr\/?product=ev-ekmegi","title":{"rendered":"Ev Ekme\u011fi"},"content":{"rendered":"<p>Afyon\u2019un geleneksel lezzetlerinden ilham al\u0131narak haz\u0131rlanan unlu mamullerimiz, do\u011fal malzemeler ve ustal\u0131kla \u00fcretilmektedir. Katk\u0131 maddesi kullan\u0131lmadan haz\u0131rlanan \u00fcr\u00fcnlerimiz; tazelik, lezzet ve kaliteyi bir arada sunar.<br \/>\nHer lokmada ev yap\u0131m\u0131 tad\u0131n\u0131 hissedece\u011finiz bu \u00f6zel \u00fcr\u00fcnler, sofralar\u0131n\u0131za Afyon\u2019un e\u015fsiz lezzetini getirir.<\/p>\n","protected":false},"excerpt":{"rendered":"<p>Afyon\u2019un geleneksel lezzetlerinden ilham al\u0131narak haz\u0131rlanan unlu mamullerimiz, do\u011fal malzemeler ve ustal\u0131kla \u00fcretilmektedir. Katk\u0131 maddesi kullan\u0131lmadan haz\u0131rlanan \u00fcr\u00fcnlerimiz; tazelik, lezzet ve kaliteyi bir arada sunar. Her lokmada ev yap\u0131m\u0131 tad\u0131n\u0131 hissedece\u011finiz bu \u00f6zel \u00fcr\u00fcnler, sofralar\u0131n\u0131za Afyon\u2019un e\u015fsiz lezzetini getirir.<\/p>\n","protected":false},"featured_media":10046,"comment_status":"open","ping_status":"closed","template":"","meta":[],"product_cat":[242],"product_tag":[],"class_list":{"0":"post-10022","1":"product","2":"type-product","3":"status-publish","4":"has-post-thumbnail","6":"product_cat-unlu-mamuller","8":"first","9":"instock","10":"sale","11":"taxable","12":"shipping-taxable","13":"purchasable","14":"product-type-simple"},"_links":{"self":[{"href":"https:\/\/afyonyoresel.com.tr\/index.php?rest_route=\/wp\/v2\/product\/10022","targetHints":{"allow":["GET"]}}],"collection":[{"href":"https:\/\/afyonyoresel.com.tr\/index.php?rest_route=\/wp\/v2\/product"}],"about":[{"href":"https:\/\/afyonyoresel.com.tr\/index.php?rest_route=\/wp\/v2\/types\/product"}],"replies":[{"embeddable":true,"href":"https:\/\/afyonyoresel.com.tr\/index.php?rest_route=%2Fwp%2Fv2%2Fcomments&post=10022"}],"wp:featuredmedia":[{"embeddable":true,"href":"https:\/\/afyonyoresel.com.tr\/index.php?rest_route=\/wp\/v2\/media\/10046"}],"wp:attachment":[{"href":"https:\/\/afyonyoresel.com.tr\/index.php?rest_route=%2Fwp%2Fv2%2Fmedia&parent=10022"}],"wp:term":[{"taxonomy":"product_cat","embeddable":true,"href":"https:\/\/afyonyoresel.com.tr\/index.php?rest_route=%2Fwp%2Fv2%2Fproduct_cat&post=10022"},{"taxonomy":"product_tag","embeddable":true,"href":"https:\/\/afyonyoresel.com.tr\/index.php?rest_route=%2Fwp%2Fv2%2Fproduct_tag&post=10022"}],"curies":[{"name":"wp","href":"https:\/\/api.w.org\/{rel}","templated":true}]}}